{"id":2,"date":"2025-03-04T20:34:30","date_gmt":"2025-03-04T20:34:30","guid":{"rendered":"https:\/\/konceptdomus.hr\/?page_id=2"},"modified":"2025-04-04T16:47:17","modified_gmt":"2025-04-04T16:47:17","slug":"sample-page","status":"publish","type":"page","link":"https:\/\/konceptdomus.hr\/","title":{"rendered":"Po\u010detna"},"content":{"rendered":"\n<div class=\"wp-block-uagb-container uagb-block-2f696ced alignfull uagb-is-root-container\">\n<div class=\"wp-block-uagb-advanced-heading uagb-block-03bab425\"><h3 class=\"uagb-heading-text\">Koncept za va\u0161 novi dom<\/h3><\/div>\n\n\n\n<div class=\"wp-block-uagb-buttons uagb-buttons__outer-wrap uagb-btn__large-btn uagb-btn-tablet__default-btn uagb-btn-mobile__default-btn uagb-block-15a4dede\"><div class=\"uagb-buttons__wrap uagb-buttons-layout-wrap \">\n<div class=\"wp-block-uagb-buttons-child uagb-buttons__outer-wrap uagb-block-cff2d89e wp-block-button\"><div class=\"uagb-button__wrapper\"><a class=\"uagb-buttons-repeater wp-block-button__link\" aria-label=\"\" href=\"index.php\/novi-projekti\" rel=\"follow noopener\" target=\"_self\" role=\"button\"><div class=\"uagb-button__link\">Novi projekti<\/div><span class=\"uagb-button__icon uagb-button__icon-position-after\"><svg xmlns=\"https:\/\/www.w3.org\/2000\/svg\" viewBox=\"0 0 576 512\" aria-hidden=\"true\" focussable=\"false\"><path d=\"M0 64C0 28.65 28.65 0 64 0H224V128C224 145.7 238.3 160 256 160H384V299.6L289.3 394.3C281.1 402.5 275.3 412.8 272.5 424.1L257.4 484.2C255.1 493.6 255.7 503.2 258.8 512H64C28.65 512 0 483.3 0 448V64zM256 128V0L384 128H256zM564.1 250.1C579.8 265.7 579.8 291 564.1 306.7L534.7 336.1L463.8 265.1L493.2 235.7C508.8 220.1 534.1 220.1 549.8 235.7L564.1 250.1zM311.9 416.1L441.1 287.8L512.1 358.7L382.9 487.9C378.8 492 373.6 494.9 368 496.3L307.9 511.4C302.4 512.7 296.7 511.1 292.7 507.2C288.7 503.2 287.1 497.4 288.5 491.1L303.5 431.8C304.9 426.2 307.8 421.1 311.9 416.1V416.1z\"><\/path><\/svg><\/span><\/a><\/div><\/div>\n<\/div><\/div>\n\n\n\n<div class=\"wp-block-uagb-buttons uagb-buttons__outer-wrap uagb-btn__large-btn uagb-btn-tablet__default-btn uagb-btn-mobile__default-btn uagb-block-751d201e\"><div class=\"uagb-buttons__wrap uagb-buttons-layout-wrap \">\n<div class=\"wp-block-uagb-buttons-child uagb-buttons__outer-wrap uagb-block-070c5cdf wp-block-button\"><div class=\"uagb-button__wrapper\"><a class=\"uagb-buttons-repeater wp-block-button__link\" aria-label=\"\" href=\"index.php\/realizirani-projekti\" rel=\"follow noopener\" target=\"_self\" role=\"button\"><div class=\"uagb-button__link\">REALIZIRANI projekti<\/div><span class=\"uagb-button__icon uagb-button__icon-position-after\"><svg xmlns=\"https:\/\/www.w3.org\/2000\/svg\" viewBox=\"0 0 576 512\" aria-hidden=\"true\" focussable=\"false\"><path d=\"M511.8 287.6L512.5 447.7C512.5 450.5 512.3 453.1 512 455.8V472C512 494.1 494.1 512 472 512H456C454.9 512 453.8 511.1 452.7 511.9C451.3 511.1 449.9 512 448.5 512H392C369.9 512 352 494.1 352 472V384C352 366.3 337.7 352 320 352H256C238.3 352 224 366.3 224 384V472C224 494.1 206.1 512 184 512H128.1C126.6 512 125.1 511.9 123.6 511.8C122.4 511.9 121.2 512 120 512H104C81.91 512 64 494.1 64 472V360C64 359.1 64.03 358.1 64.09 357.2V287.6H32.05C14.02 287.6 0 273.5 0 255.5C0 246.5 3.004 238.5 10.01 231.5L266.4 8.016C273.4 1.002 281.4 0 288.4 0C295.4 0 303.4 2.004 309.5 7.014L416 100.7V64C416 46.33 430.3 32 448 32H480C497.7 32 512 46.33 512 64V185L564.8 231.5C572.8 238.5 576.9 246.5 575.8 255.5C575.8 273.5 560.8 287.6 543.8 287.6L511.8 287.6z\"><\/path><\/svg><\/span><\/a><\/div><\/div>\n<\/div><\/div>\n\n\n\n<div class=\"wp-block-uagb-buttons uagb-buttons__outer-wrap uagb-btn__large-btn uagb-btn-tablet__default-btn uagb-btn-mobile__default-btn uagb-block-add29f3c\"><div class=\"uagb-buttons__wrap uagb-buttons-layout-wrap \">\n<div class=\"wp-block-uagb-buttons-child uagb-buttons__outer-wrap uagb-block-52ac4915 wp-block-button\"><div class=\"uagb-button__wrapper\"><a class=\"uagb-buttons-repeater wp-block-button__link\" aria-label=\"\" href=\"index.php\/prodaja\" rel=\"follow noopener\" target=\"_self\" role=\"button\"><div class=\"uagb-button__link\">KONTAKTIRAJTE NAS<\/div><span class=\"uagb-button__icon uagb-button__icon-position-after\"><svg xmlns=\"https:\/\/www.w3.org\/2000\/svg\" viewBox=\"0 0 512 512\" aria-hidden=\"true\" focussable=\"false\"><path d=\"M464 64C490.5 64 512 85.49 512 112C512 127.1 504.9 141.3 492.8 150.4L275.2 313.6C263.8 322.1 248.2 322.1 236.8 313.6L19.2 150.4C7.113 141.3 0 127.1 0 112C0 85.49 21.49 64 48 64H464zM217.6 339.2C240.4 356.3 271.6 356.3 294.4 339.2L512 176V384C512 419.3 483.3 448 448 448H64C28.65 448 0 419.3 0 384V176L217.6 339.2z\"><\/path><\/svg><\/span><\/a><\/div><\/div>\n<\/div><\/div>\n<\/div>\n\n\n\n<div data-aos= \"fade-right\" data-aos-duration=\"400\" data-aos-delay=\"0\" data-aos-easing=\"ease\" data-aos-once=\"true\" class=\"wp-block-uagb-container uagb-block-d1d17a3a alignfull uagb-is-root-container\"><div class=\"uagb-container-inner-blocks-wrap\">\n<div class=\"wp-block-uagb-advanced-heading uagb-block-2af56199\"><h1 class=\"uagb-heading-text\"><strong>Va\u0161 dom, na\u0161a strast<\/strong><\/h1><\/div>\n\n\n\n<p class=\"has-text-align-left has-medium-font-size\"><strong>Koncept Domus<\/strong> redefinira suvremeno stanovanje u Hrvatskoj, spajaju\u0107i inovativni dizajn, vrhunsku kvalitetu i besprijekornu izvedbu. Na\u0161a misija je stvarati domove koji nisu samo gra\u0111evine, ve\u0107 prostori prilago\u0111eni va\u0161em na\u010dinu \u017eivota \u2013 funkcionalni, estetski privla\u010dni i dugoro\u010dno vrijedni. Bilo da tra\u017eite luksuzni apartman, obiteljsku ku\u0107u ili investicijsku nekretninu, s <strong>Koncept Domusom<\/strong> dobivate jamstvo pouzdanosti, moderne arhitekture i vrhunskih materijala. Otkrijte mjesto gdje se va\u0161e vizije pretvaraju u stvarnost \u2013 jer dom je vi\u0161e od adrese, on je osje\u0107aj pripadnosti.<\/p>\n<\/div><\/div>\n\n\n\n<div class=\"wp-block-uagb-separator uagb-block-2b9faefe\"><div class=\"uagb-separator-spacing-wrapper\"><div class=\"wp-block-uagb-separator__inner\" style=\"--my-background-image:\"><\/div><\/div><\/div>\n\n\n\n<div data-aos= \"fade-right\" data-aos-duration=\"400\" data-aos-delay=\"0\" data-aos-easing=\"ease\" data-aos-once=\"true\" class=\"wp-block-uagb-container uagb-block-8e4b4e08 alignfull uagb-is-root-container\"><div class=\"uagb-container-inner-blocks-wrap\">\n<div class=\"wp-block-uagb-container uagb-block-9c11d596\">\n<div class=\"wp-block-uagb-container uagb-block-e3c8182c\">\n<p class=\"has-medium-font-size\">U <strong>Koncept Domusu<\/strong> gradimo s precizno\u0161\u0107u, pa\u017enjom i predano\u0161\u0107u, koriste\u0107i samo najkvalitetnije materijale i najmodernije gra\u0111evinske tehnologije. Svaki detalj, od temelja do zavr\u0161nih obrada, pomno je osmi\u0161ljen kako bi osigurao dugovje\u010dnost, energetsku u\u010dinkovitost i maksimalnu udobnost. Na\u0161i domovi odra\u017eavaju visoke standarde gradnje, kombiniraju\u0107i estetiku s funkcionalno\u0161\u0107u, a inovativna rje\u0161enja garantiraju sigurnost i optimalan \u017eivotni prostor. S nama ne kupujete samo nekretninu \u2013 ula\u017eete u dom koji \u0107e trajati generacijama.<\/p>\n<\/div>\n\n\n\n<div class=\"wp-block-uagb-container uagb-block-efc3c865\">\n<div class=\"wp-block-group is-nowrap is-layout-flex wp-container-core-group-is-layout-6c531013 wp-block-group-is-layout-flex\">\n<figure class=\"wp-block-image size-large\"><img loading=\"lazy\" decoding=\"async\" width=\"683\" height=\"1024\" src=\"https:\/\/konceptdomus.hr\/wp-content\/uploads\/2025\/03\/k8-OvvfmRm4ja4-unsplash-683x1024.jpg\" alt=\"\" class=\"wp-image-27\" srcset=\"https:\/\/konceptdomus.hr\/wp-content\/uploads\/2025\/03\/k8-OvvfmRm4ja4-unsplash-683x1024.jpg 683w, https:\/\/konceptdomus.hr\/wp-content\/uploads\/2025\/03\/k8-OvvfmRm4ja4-unsplash-200x300.jpg 200w, https:\/\/konceptdomus.hr\/wp-content\/uploads\/2025\/03\/k8-OvvfmRm4ja4-unsplash-768x1152.jpg 768w, https:\/\/konceptdomus.hr\/wp-content\/uploads\/2025\/03\/k8-OvvfmRm4ja4-unsplash-1024x1536.jpg 1024w, https:\/\/konceptdomus.hr\/wp-content\/uploads\/2025\/03\/k8-OvvfmRm4ja4-unsplash-1365x2048.jpg 1365w, https:\/\/konceptdomus.hr\/wp-content\/uploads\/2025\/03\/k8-OvvfmRm4ja4-unsplash-scaled.jpg 1707w\" sizes=\"auto, (max-width: 683px) 100vw, 683px\" \/><\/figure>\n<\/div>\n<\/div>\n<\/div>\n<\/div><\/div>\n\n\n\n<div data-aos= \"fade-right\" data-aos-duration=\"400\" data-aos-delay=\"0\" data-aos-easing=\"ease\" data-aos-once=\"true\" class=\"wp-block-uagb-container uagb-block-33ce433c alignfull uagb-is-root-container\"><div class=\"uagb-container-inner-blocks-wrap\">\n<div class=\"wp-block-uagb-container uagb-block-d220de98\">\n<figure class=\"wp-block-image size-large\"><img loading=\"lazy\" decoding=\"async\" width=\"1690\" height=\"2535\" src=\"https:\/\/konceptdomus.hr\/wp-content\/uploads\/2025\/03\/krzysztof-hepner-V7Q0Oh3Az-c-unsplash-edited.jpg\" alt=\"\" class=\"wp-image-105\" srcset=\"https:\/\/konceptdomus.hr\/wp-content\/uploads\/2025\/03\/krzysztof-hepner-V7Q0Oh3Az-c-unsplash-edited.jpg 1690w, https:\/\/konceptdomus.hr\/wp-content\/uploads\/2025\/03\/krzysztof-hepner-V7Q0Oh3Az-c-unsplash-edited-200x300.jpg 200w, https:\/\/konceptdomus.hr\/wp-content\/uploads\/2025\/03\/krzysztof-hepner-V7Q0Oh3Az-c-unsplash-edited-683x1024.jpg 683w, https:\/\/konceptdomus.hr\/wp-content\/uploads\/2025\/03\/krzysztof-hepner-V7Q0Oh3Az-c-unsplash-edited-768x1152.jpg 768w, https:\/\/konceptdomus.hr\/wp-content\/uploads\/2025\/03\/krzysztof-hepner-V7Q0Oh3Az-c-unsplash-edited-1024x1536.jpg 1024w, https:\/\/konceptdomus.hr\/wp-content\/uploads\/2025\/03\/krzysztof-hepner-V7Q0Oh3Az-c-unsplash-edited-1365x2048.jpg 1365w\" sizes=\"auto, (max-width: 1690px) 100vw, 1690px\" \/><\/figure>\n<\/div>\n\n\n\n<div class=\"wp-block-uagb-container uagb-block-a7eed38c\">\n<p class=\"has-medium-font-size\">U <strong>Koncept Domusu<\/strong> vjerujemo da je lokacija jednako va\u017ena kao i sama gradnja. Zato pa\u017eljivo biramo atraktivne i strate\u0161ke lokacije koje nude savr\u0161en balans izme\u0111u urbanog \u017eivota i prirodnog okru\u017eenja. Na\u0161i projekti smje\u0161teni su u podru\u010djima s razvijenom infrastrukturom, blizinom klju\u010dnih sadr\u017eaja i prekrasnim prirodnim ambijentom, pru\u017eaju\u0107i idealne uvjete za udoban i kvalitetan \u017eivot. Bilo da tra\u017eite mirno obiteljsko okru\u017eenje ili dinami\u010dan gradski ritam, uz <strong>Koncept Domus<\/strong> uvijek birate najbolje.<\/p>\n<\/div>\n<\/div><\/div>\n\n\n\n<div data-aos= \"fade-right\" data-aos-duration=\"400\" data-aos-delay=\"0\" data-aos-easing=\"ease\" data-aos-once=\"true\" class=\"wp-block-uagb-container uagb-block-d43b0e53 alignfull uagb-is-root-container\"><div class=\"uagb-container-inner-blocks-wrap\">\n<div class=\"wp-block-uagb-container uagb-block-72138369\">\n<p class=\"has-medium-font-size\">Moderan i kvalitetan dom ne mora biti nedosti\u017ean luksuz. Na\u0161 cilj je ponuditi najbolje omjere cijene i kvalitete, omogu\u0107uju\u0107i vam da investirate u vrhunski dom po konkurentnoj cijeni. Zahvaljuju\u0107i optimiziranim gra\u0111evinskim procesima, pa\u017eljivom odabiru materijala i dugogodi\u0161njem iskustvu, osiguravamo da svaki na\u0161 projekt nudi maksimalnu vrijednost za va\u0161 novac. S nama dobivate vi\u0161e \u2013 kvalitetan, moderan i funkcionalan dom bez kompromisa!<\/p>\n<\/div>\n\n\n\n<div class=\"wp-block-uagb-container uagb-block-e76f496e\">\n<figure class=\"wp-block-image size-large\"><img loading=\"lazy\" decoding=\"async\" width=\"1024\" height=\"683\" src=\"https:\/\/konceptdomus.hr\/wp-content\/uploads\/2025\/03\/r-architecture-wDDfbanbhl8-unsplash-1024x683.jpg\" alt=\"\" class=\"wp-image-45\" srcset=\"https:\/\/konceptdomus.hr\/wp-content\/uploads\/2025\/03\/r-architecture-wDDfbanbhl8-unsplash-1024x683.jpg 1024w, https:\/\/konceptdomus.hr\/wp-content\/uploads\/2025\/03\/r-architecture-wDDfbanbhl8-unsplash-300x200.jpg 300w, https:\/\/konceptdomus.hr\/wp-content\/uploads\/2025\/03\/r-architecture-wDDfbanbhl8-unsplash-768x512.jpg 768w, https:\/\/konceptdomus.hr\/wp-content\/uploads\/2025\/03\/r-architecture-wDDfbanbhl8-unsplash-1536x1024.jpg 1536w, https:\/\/konceptdomus.hr\/wp-content\/uploads\/2025\/03\/r-architecture-wDDfbanbhl8-unsplash-2048x1365.jpg 2048w\" sizes=\"auto, (max-width: 1024px) 100vw, 1024px\" \/><\/figure>\n<\/div>\n<\/div><\/div>\n","protected":false},"excerpt":{"rendered":"<p>Koncept za va\u0161 novi dom Va\u0161 dom, na\u0161a strast Koncept Domus redefinira suvremeno stanovanje u Hrvatskoj, spajaju\u0107i inovativni dizajn, vrhunsku [&hellip;]<\/p>\n","protected":false},"author":1,"featured_media":0,"parent":0,"menu_order":0,"comment_status":"closed","ping_status":"closed","template":"","meta":{"_uag_custom_page_level_css":"","site-sidebar-layout":"default","site-content-layout":"","ast-site-content-layout":"full-width-container","site-content-style":"default","site-sidebar-style":"default","ast-global-header-display":"","ast-banner-title-visibility":"","ast-main-header-display":"","ast-hfb-above-header-display":"","ast-hfb-below-header-display":"","ast-hfb-mobile-header-display":"","site-post-title":"disabled","ast-breadcrumbs-content":"","ast-featured-img":"","footer-sml-layout":"","ast-disable-related-posts":"","theme-transparent-header-meta":"enabled","adv-header-id-meta":"","stick-header-meta":"","header-above-stick-meta":"","header-main-stick-meta":"","header-below-stick-meta":"","astra-migrate-meta-layouts":"default","ast-page-background-enabled":"default","ast-page-background-meta":{"desktop":{"background-color":"var(--ast-global-color-5)","background-image":"","background-repeat":"repeat","background-position":"center center","background-size":"auto","background-attachment":"scroll","background-type":"","background-media":"","overlay-type":"","overlay-color":"","overlay-opacity":"","overlay-gradient":""},"tablet":{"background-color":"","background-image":"","background-repeat":"repeat","background-position":"center center","background-size":"auto","background-attachment":"scroll","background-type":"","background-media":"","overlay-type":"","overlay-color":"","overlay-opacity":"","overlay-gradient":""},"mobile":{"background-color":"","background-image":"","background-repeat":"repeat","background-position":"center center","background-size":"auto","background-attachment":"scroll","background-type":"","background-media":"","overlay-type":"","overlay-color":"","overlay-opacity":"","overlay-gradient":""}},"ast-content-background-meta":{"desktop":{"background-color":"var(--ast-global-color-4)","background-image":"","background-repeat":"repeat","background-position":"center center","background-size":"auto","background-attachment":"scroll","background-type":"","background-media":"","overlay-type":"","overlay-color":"","overlay-opacity":"","overlay-gradient":""},"tablet":{"background-color":"var(--ast-global-color-4)","background-image":"","background-repeat":"repeat","background-position":"center center","background-size":"auto","background-attachment":"scroll","background-type":"","background-media":"","overlay-type":"","overlay-color":"","overlay-opacity":"","overlay-gradient":""},"mobile":{"background-color":"var(--ast-global-color-4)","background-image":"","background-repeat":"repeat","background-position":"center center","background-size":"auto","background-attachment":"scroll","background-type":"","background-media":"","overlay-type":"","overlay-color":"","overlay-opacity":"","overlay-gradient":""}},"footnotes":""},"class_list":["post-2","page","type-page","status-publish","hentry"],"yoast_head":"<!-- This site is optimized with the Yoast SEO plugin v27.2 - https:\/\/yoast.com\/product\/yoast-seo-wordpress\/ -->\n<title>Po\u010detna - Koncept Domus<\/title>\n<meta name=\"robots\" content=\"index, follow, max-snippet:-1, max-image-preview:large, max-video-preview:-1\" \/>\n<link rel=\"canonical\" href=\"https:\/\/konceptdomus.hr\/\" \/>\n<meta property=\"og:locale\" content=\"en_US\" \/>\n<meta property=\"og:type\" content=\"article\" \/>\n<meta property=\"og:title\" content=\"Po\u010detna - Koncept Domus\" \/>\n<meta property=\"og:description\" content=\"Koncept za va\u0161 novi dom Va\u0161 dom, na\u0161a strast Koncept Domus redefinira suvremeno stanovanje u Hrvatskoj, spajaju\u0107i inovativni dizajn, vrhunsku [&hellip;]\" \/>\n<meta property=\"og:url\" content=\"https:\/\/konceptdomus.hr\/\" \/>\n<meta property=\"og:site_name\" content=\"Koncept Domus\" \/>\n<meta property=\"article:modified_time\" content=\"2025-04-04T16:47:17+00:00\" \/>\n<meta property=\"og:image\" content=\"https:\/\/konceptdomus.hr\/wp-content\/uploads\/2025\/03\/k8-OvvfmRm4ja4-unsplash-scaled.jpg\" \/>\n\t<meta property=\"og:image:width\" content=\"1707\" \/>\n\t<meta property=\"og:image:height\" content=\"2560\" \/>\n\t<meta property=\"og:image:type\" content=\"image\/jpeg\" \/>\n<meta name=\"twitter:card\" content=\"summary_large_image\" \/>\n<meta name=\"twitter:label1\" content=\"Est. reading time\" \/>\n\t<meta name=\"twitter:data1\" content=\"2 minutes\" \/>\n<script type=\"application\/ld+json\" class=\"yoast-schema-graph\">{\"@context\":\"https:\/\/schema.org\",\"@graph\":[{\"@type\":\"WebPage\",\"@id\":\"https:\/\/konceptdomus.hr\/\",\"url\":\"https:\/\/konceptdomus.hr\/\",\"name\":\"Po\u010detna - Koncept Domus\",\"isPartOf\":{\"@id\":\"https:\/\/konceptdomus.hr\/#website\"},\"primaryImageOfPage\":{\"@id\":\"https:\/\/konceptdomus.hr\/#primaryimage\"},\"image\":{\"@id\":\"https:\/\/konceptdomus.hr\/#primaryimage\"},\"thumbnailUrl\":\"https:\/\/konceptdomus.hr\/wp-content\/uploads\/2025\/03\/k8-OvvfmRm4ja4-unsplash-683x1024.jpg\",\"datePublished\":\"2025-03-04T20:34:30+00:00\",\"dateModified\":\"2025-04-04T16:47:17+00:00\",\"breadcrumb\":{\"@id\":\"https:\/\/konceptdomus.hr\/#breadcrumb\"},\"inLanguage\":\"en-US\",\"potentialAction\":[{\"@type\":\"ReadAction\",\"target\":[\"https:\/\/konceptdomus.hr\/\"]}]},{\"@type\":\"ImageObject\",\"inLanguage\":\"en-US\",\"@id\":\"https:\/\/konceptdomus.hr\/#primaryimage\",\"url\":\"https:\/\/konceptdomus.hr\/wp-content\/uploads\/2025\/03\/k8-OvvfmRm4ja4-unsplash-scaled.jpg\",\"contentUrl\":\"https:\/\/konceptdomus.hr\/wp-content\/uploads\/2025\/03\/k8-OvvfmRm4ja4-unsplash-scaled.jpg\",\"width\":1707,\"height\":2560},{\"@type\":\"BreadcrumbList\",\"@id\":\"https:\/\/konceptdomus.hr\/#breadcrumb\",\"itemListElement\":[{\"@type\":\"ListItem\",\"position\":1,\"name\":\"Po\u010detna stranica\",\"item\":\"https:\/\/konceptdomus.hr\/\"},{\"@type\":\"ListItem\",\"position\":2,\"name\":\"Po\u010detna\"}]},{\"@type\":\"WebSite\",\"@id\":\"https:\/\/konceptdomus.hr\/#website\",\"url\":\"https:\/\/konceptdomus.hr\/\",\"name\":\"Koncept Domus\",\"description\":\"\",\"publisher\":{\"@id\":\"https:\/\/konceptdomus.hr\/#organization\"},\"potentialAction\":[{\"@type\":\"SearchAction\",\"target\":{\"@type\":\"EntryPoint\",\"urlTemplate\":\"https:\/\/konceptdomus.hr\/?s={search_term_string}\"},\"query-input\":{\"@type\":\"PropertyValueSpecification\",\"valueRequired\":true,\"valueName\":\"search_term_string\"}}],\"inLanguage\":\"en-US\"},{\"@type\":\"Organization\",\"@id\":\"https:\/\/konceptdomus.hr\/#organization\",\"name\":\"Koncept Domus\",\"url\":\"https:\/\/konceptdomus.hr\/\",\"logo\":{\"@type\":\"ImageObject\",\"inLanguage\":\"en-US\",\"@id\":\"https:\/\/konceptdomus.hr\/#\/schema\/logo\/image\/\",\"url\":\"https:\/\/konceptdomus.hr\/wp-content\/uploads\/2025\/04\/konceptDomusLogo.png\",\"contentUrl\":\"https:\/\/konceptdomus.hr\/wp-content\/uploads\/2025\/04\/konceptDomusLogo.png\",\"width\":200,\"height\":200,\"caption\":\"Koncept Domus\"},\"image\":{\"@id\":\"https:\/\/konceptdomus.hr\/#\/schema\/logo\/image\/\"}}]}<\/script>\n<!-- \/ Yoast SEO plugin. -->","yoast_head_json":{"title":"Po\u010detna - Koncept Domus","robots":{"index":"index","follow":"follow","max-snippet":"max-snippet:-1","max-image-preview":"max-image-preview:large","max-video-preview":"max-video-preview:-1"},"canonical":"https:\/\/konceptdomus.hr\/","og_locale":"en_US","og_type":"article","og_title":"Po\u010detna - Koncept Domus","og_description":"Koncept za va\u0161 novi dom Va\u0161 dom, na\u0161a strast Koncept Domus redefinira suvremeno stanovanje u Hrvatskoj, spajaju\u0107i inovativni dizajn, vrhunsku [&hellip;]","og_url":"https:\/\/konceptdomus.hr\/","og_site_name":"Koncept Domus","article_modified_time":"2025-04-04T16:47:17+00:00","og_image":[{"width":1707,"height":2560,"url":"https:\/\/konceptdomus.hr\/wp-content\/uploads\/2025\/03\/k8-OvvfmRm4ja4-unsplash-scaled.jpg","type":"image\/jpeg"}],"twitter_card":"summary_large_image","twitter_misc":{"Est. reading time":"2 minutes"},"schema":{"@context":"https:\/\/schema.org","@graph":[{"@type":"WebPage","@id":"https:\/\/konceptdomus.hr\/","url":"https:\/\/konceptdomus.hr\/","name":"Po\u010detna - Koncept Domus","isPartOf":{"@id":"https:\/\/konceptdomus.hr\/#website"},"primaryImageOfPage":{"@id":"https:\/\/konceptdomus.hr\/#primaryimage"},"image":{"@id":"https:\/\/konceptdomus.hr\/#primaryimage"},"thumbnailUrl":"https:\/\/konceptdomus.hr\/wp-content\/uploads\/2025\/03\/k8-OvvfmRm4ja4-unsplash-683x1024.jpg","datePublished":"2025-03-04T20:34:30+00:00","dateModified":"2025-04-04T16:47:17+00:00","breadcrumb":{"@id":"https:\/\/konceptdomus.hr\/#breadcrumb"},"inLanguage":"en-US","potentialAction":[{"@type":"ReadAction","target":["https:\/\/konceptdomus.hr\/"]}]},{"@type":"ImageObject","inLanguage":"en-US","@id":"https:\/\/konceptdomus.hr\/#primaryimage","url":"https:\/\/konceptdomus.hr\/wp-content\/uploads\/2025\/03\/k8-OvvfmRm4ja4-unsplash-scaled.jpg","contentUrl":"https:\/\/konceptdomus.hr\/wp-content\/uploads\/2025\/03\/k8-OvvfmRm4ja4-unsplash-scaled.jpg","width":1707,"height":2560},{"@type":"BreadcrumbList","@id":"https:\/\/konceptdomus.hr\/#breadcrumb","itemListElement":[{"@type":"ListItem","position":1,"name":"Po\u010detna stranica","item":"https:\/\/konceptdomus.hr\/"},{"@type":"ListItem","position":2,"name":"Po\u010detna"}]},{"@type":"WebSite","@id":"https:\/\/konceptdomus.hr\/#website","url":"https:\/\/konceptdomus.hr\/","name":"Koncept Domus","description":"","publisher":{"@id":"https:\/\/konceptdomus.hr\/#organization"},"potentialAction":[{"@type":"SearchAction","target":{"@type":"EntryPoint","urlTemplate":"https:\/\/konceptdomus.hr\/?s={search_term_string}"},"query-input":{"@type":"PropertyValueSpecification","valueRequired":true,"valueName":"search_term_string"}}],"inLanguage":"en-US"},{"@type":"Organization","@id":"https:\/\/konceptdomus.hr\/#organization","name":"Koncept Domus","url":"https:\/\/konceptdomus.hr\/","logo":{"@type":"ImageObject","inLanguage":"en-US","@id":"https:\/\/konceptdomus.hr\/#\/schema\/logo\/image\/","url":"https:\/\/konceptdomus.hr\/wp-content\/uploads\/2025\/04\/konceptDomusLogo.png","contentUrl":"https:\/\/konceptdomus.hr\/wp-content\/uploads\/2025\/04\/konceptDomusLogo.png","width":200,"height":200,"caption":"Koncept Domus"},"image":{"@id":"https:\/\/konceptdomus.hr\/#\/schema\/logo\/image\/"}}]}},"uagb_featured_image_src":{"full":false,"thumbnail":false,"medium":false,"medium_large":false,"large":false,"1536x1536":false,"2048x2048":false},"uagb_author_info":{"display_name":"admin","author_link":"https:\/\/konceptdomus.hr\/index.php\/author\/admin_5lnac4ga\/"},"uagb_comment_info":0,"uagb_excerpt":"Koncept za va\u0161 novi dom Va\u0161 dom, na\u0161a strast Koncept Domus redefinira suvremeno stanovanje u Hrvatskoj, spajaju\u0107i inovativni dizajn, vrhunsku [&hellip;]","_links":{"self":[{"href":"https:\/\/konceptdomus.hr\/index.php\/wp-json\/wp\/v2\/pages\/2","targetHints":{"allow":["GET"]}}],"collection":[{"href":"https:\/\/konceptdomus.hr\/index.php\/wp-json\/wp\/v2\/pages"}],"about":[{"href":"https:\/\/konceptdomus.hr\/index.php\/wp-json\/wp\/v2\/types\/page"}],"author":[{"embeddable":true,"href":"https:\/\/konceptdomus.hr\/index.php\/wp-json\/wp\/v2\/users\/1"}],"replies":[{"embeddable":true,"href":"https:\/\/konceptdomus.hr\/index.php\/wp-json\/wp\/v2\/comments?post=2"}],"version-history":[{"count":87,"href":"https:\/\/konceptdomus.hr\/index.php\/wp-json\/wp\/v2\/pages\/2\/revisions"}],"predecessor-version":[{"id":566,"href":"https:\/\/konceptdomus.hr\/index.php\/wp-json\/wp\/v2\/pages\/2\/revisions\/566"}],"wp:attachment":[{"href":"https:\/\/konceptdomus.hr\/index.php\/wp-json\/wp\/v2\/media?parent=2"}],"curies":[{"name":"wp","href":"https:\/\/api.w.org\/{rel}","templated":true}]}}